e highest common divisor of 22475 and 1412825.
775
What is the highest common divisor of 1037 and 71635777?
61
Calculate the greatest common divisor of 4059196 and 1924.
148
What is the greatest common factor of 305553 and 1798040?
569
What is the greatest common divisor of 12854504 and 108?
4
What is the highest common divisor of 195792 and 12288?
48
What is the highest common factor of 4067445 and 255?
15
What is the highest common factor of 25449047 and 1457?
31
Calculate the highest common divisor of 245 and 70875315.
245
What is the highest common divisor of 29154686 and 12760?
638
Calculate the highest common factor of 56375 and 666961350.
11275
Calculate the greatest common divisor of 521118 and 25922.
26
What is the greatest common factor of 1312916 and 570882?
1126
Calculate the highest common divisor of 56575114 and 26.
2
Calculate the highest common divisor of 16615 and 170114339.
3323
Calculate the greatest common divisor of 11875 and 31925225.
475
Calculate the highest common factor of 2656 and 3810862.
166
What is the highest common factor of 140 and 198640?
20
Calculate the greatest common divisor of 221 and 7633051.
17
What is the greatest common factor of 738 and 32679?
9
What is the highest common divisor of 569712 and 202488?
3432
What is the highest common divisor of 27404 and 1293734?
442
What is the highest common factor of 5662 and 706686?
38
What is the highest common factor of 360986 and 1989958?
1814
Calculate the greatest common divisor of 34571 and 22729.
191
What is the greatest common divisor of 13207992 and 2030?
406
What is the highest common factor of 1705 and 5997849?
341
What is the greatest common divisor of 1566 and 29456982?
522
Calculate the greatest common divisor of 416 and 283648.
32
What is the greatest common divisor of 493412 and 116028?
1172
What is the greatest common factor of 70621056 and 264?
264
What is the highest common factor of 18440 and 162280?
40
What is the greatest common factor of 702 and 3308760?
234
What is the greatest common factor of 15150 and 62655249?
303
What is the greatest common factor of 1964 and 231416?
4
Calculate the highest common factor of 13254980 and 775.
155
What is the greatest common factor of 265 and 343818685?
265
What is the greatest common factor of 1668 and 51708?
1668
Calculate the greatest common factor of 8851288 and 76738.
1258
What is the highest common divisor of 68504457 and 2492?
623
Calculate the greatest common divisor of 142213383 and 819.
117
What is the greatest common factor of 9177688 and 87352?
1432
Calculate the highest common factor of 346673 and 267809.
1643
What is the highest common divisor of 260993946 and 668?
334
What is the greatest common factor of 14801475 and 1729?
247
What is the highest common divisor of 2462108715 and 230?
115
What is the highest common divisor of 236436497 and 12507?
4169
Calculate the greatest common factor of 15192664 and 184.
8
Calculate the greatest common factor of 60 and 377004090.
30
Calculate the greatest common factor of 107262801 and 9.
9
Calculate the greatest common factor of 1497908 and 93532.
1396
Calculate the highest common divisor of 73516491 and 203148.
4617
Calculate the greatest common factor of 9 and 327475512.
9
Calculate the highest common divisor of 65551710 and 750.
30
Calculate the greatest common divisor of 605962 and 448.
14
Calculate the highest common factor of 1606 and 17105506.
1606
What is the greatest common factor of 219 and 133283473?
73
What is the highest common divisor of 62321268 and 4818?
438
Calculate the highest common divisor of 13 and 77332229.
13
What is the highest common divisor of 133738 and 36949?
11
Calculate the greatest common factor of 5270878 and 1025.
41
Calculate the greatest common divisor of 2113689 and 759651.
939
What is the greatest common divisor of 1653 and 28539045?
1653
Calculate the greatest common divisor of 227497072 and 88.
88
What is the greatest common divisor of 28050 and 119625?
825
Calculate the highest common factor of 11736 and 355896.
72
What is the greatest common divisor of 8871128 and 102364?
628
What is the greatest common factor of 60 and 28249120?
20
Calculate the highest common divisor of 684 and 2581884.
36
What is the greatest common divisor of 635494246 and 8744?
2186
What is the greatest common divisor of 29843518 and 610?
122
Calculate the highest common divisor of 3213 and 1106.
7
What is the greatest common factor of 73623 and 151041?
759
What is the greatest common divisor of 1150618 and 236?
118
Calculate the highest common divisor of 21352 and 443064.
8
What is the greatest common factor of 169350 and 12450?
150
What is the greatest common factor of 15 and 16452960?
15
What is the highest common divisor of 22510752 and 1232?
176
What is the highest common divisor of 20663852 and 5247?
583
What is the greatest common factor of 744787 and 23381?
227
Calculate the highest common factor of 39405196 and 772.
772
Calculate the greatest common factor of 774052 and 288.
4
What is the highest common factor of 291306 and 4888?
94
Calculate the greatest common factor of 219916820 and 1136.
284
Calculate the greatest common factor of 583 and 2299055.
11
What is the highest common factor of 1397842281 and 198?
99
Calculate the greatest common factor of 65 and 9276241.
13
What is the highest common divisor of 1077 and 27746751?
1077
Calculate the greatest common divisor of 324 and 1247593590.
162
What is the highest common divisor of 5 and 75631105?
5
What is the greatest common divisor of 20244 and 59161644?
2892
Calculate the highest common divisor of 46766072 and 2757.
919
What is the greatest common divisor of 40 and 261897510?
10
What is the greatest common factor of 1880299 and 11611?
683
Calculate the greatest common divisor of 310 and 270449890.
310
Calculate the greatest common divisor of 568540 and 401450.
2170
Calculate the highest common factor of 6145119 and 675.
27
Calculate the highest common divisor of 14625156 and 518.
14
What is the highest common divisor of 11903248 and 1204?
28
What is the highest common factor of 3432 and 89339184?
264
What is the highest common divisor of 628 and 16617665?
157
Calculate the highest common divisor of 1310297 and 14782.
19
Calculate the highest common divisor of 250349 and 262763.
2069
What is the highest common factor of 408 and 44916992?
136
Calculate the greatest common factor of 331038543 and 9.
3
Calculate the highest common divisor of 83372 and 1887937.
1097
Calculate the greatest common divisor of 19411146 and 93.
93
What is the highest common divisor of 1062 and 7902814?
118
What is the highest common factor of 473 and 2359023?
43
What is the greatest common factor of 145000 and 3169700?
2900
What is the highest common factor of 39512110 and 9020?
4510
Calculate the greatest common factor of 1092 and 27710319.
273
What is the highest common factor of 45044607 and 1161?
129
Calculate the greatest common factor of 94181856 and 36.
12
What is the greatest common factor of 7975 and 6259?
11
Calculate the highest common divisor of 49 and 15904609.
7
What is the highest common divisor of 66767616 and 48?
48
Calculate the greatest common factor of 86681 and 25315.
61
Calculate the highest common factor of 23364 and 3716292.
708
What is the highest common divisor of 879 and 6956699?
293
What is the highest common factor of 20 and 360604080?
20
Calculate the highest common factor of 1189 and 1947901.
29
What is the greatest common divisor of 8420112 and 11214?
1602
Calculate the greatest common divisor of 7871 and 195386.
463
What is the greatest common divisor of 80 and 10482845?
5
Calculate the greatest common factor of 17190822 and 66.
66
What is the greatest common factor of 610631 and 65653?
581
What is the highest common divisor of 3785 and 121690778?
757
Calculate the highest common divisor of 60228 and 787500.
252
Calculate the greatest common factor of 4136 and 382162.
22
Calculate the greatest common divisor of 12534218 and 387624.
1042
What is the highest common divisor of 55 and 213072607?
11
What is the highest common divisor of 19088885 and 5?
5
What is the greatest common divisor of 2812734 and 2088?
18
Calculate the highest common factor of 45064 and 2497384